{"id":917,"date":"2024-12-09T11:55:11","date_gmt":"2024-12-09T10:55:11","guid":{"rendered":"https:\/\/franken-wueller.de\/?page_id=917"},"modified":"2025-05-15T09:27:48","modified_gmt":"2025-05-15T07:27:48","slug":"ingenieurvermessung-2","status":"publish","type":"page","link":"https:\/\/vermessung-aachen.de\/?page_id=917","title":{"rendered":"Ingenieurvermessung"},"content":{"rendered":"\n<p>Alle gr\u00f6\u00dferen Objekte des Industriebaus, Hochbaus, Verkehrs- und Tiefbaus erfordern den Einsatz von Vermessungsingenieuren. Aber auch bei den kleineren Vorhaben sind wir mit dabei und \u00fcnterst\u00fctzen Sie mit pr\u00e4ziser Ingenieurvermessung und softwaregest\u00fctzten Auswertetechniken.<\/p>\n\n\n\n<div class=\"wp-block-columns is-layout-flex wp-container-core-columns-is-layout-9d6595d7 wp-block-columns-is-layout-flex\">\n<div class=\"wp-block-column is-layout-flow wp-block-column-is-layout-flow\" style=\"flex-basis:100%\">\n<ul class=\"wp-block-list\">\n<li><strong>Absteckungsarbeiten<\/strong> f\u00fcr geplante Bauma\u00dfnahmen (Baugruben- \/ Schnurger\u00fcstabsteckung bzw. Grob- und Feinabsteckung)<\/li>\n\n\n\n<li><strong>Achsabsteckungen<\/strong> f\u00fcr Stra\u00dfen- und Wegebauma\u00dfnahmen<\/li>\n\n\n\n<li><strong>Deformationsmessungen<\/strong><\/li>\n\n\n\n<li><strong>Erfassung planungsrelevanter Bestandteile vor Ort<\/strong>, bspw. als Grundlage f\u00fcr die Aufstellung von Bebauungspl\u00e4nen mit anschlie\u00dfender Erstellung der B-Pl\u00e4ne<\/li>\n\n\n\n<li><strong>Lage und H\u00f6henfeststellungen<\/strong> jeder Art, bspw. Lage- und H\u00f6henplan f\u00fcr den Bauantrag &#8211; Entwurfsvermessung \/ Bauvermessung gem\u00e4\u00df HOAI (2021) <\/li>\n\n\n\n<li><strong>Mietfl\u00e4chenaufma\u00df&nbsp;<\/strong>zur Berechnung der Mietfl\u00e4che f\u00fcr den gewerblichen Raum (MF-G) nach GI<\/li>\n\n\n\n<li>sonstige Fl\u00e4chenberechnung \/ Volumenberechnung und Massenermittlungen f\u00fcr die <strong>Abrechnung <\/strong>von Bauleistungen oder zur Vorbereitung von privatrechtlichen Einigungen<\/li>\n<\/ul>\n<\/div>\n\n\n\n<div class=\"wp-block-column is-layout-flow wp-block-column-is-layout-flow\" style=\"flex-basis:33.33%\">\n<figure class=\"wp-block-image size-full is-resized\"><img loading=\"lazy\" decoding=\"async\" width=\"800\" height=\"800\" src=\"https:\/\/franken-wueller.de\/wp-content\/uploads\/2024\/12\/Parkhaus-Melaten-3.jpg\" alt=\"\" class=\"wp-image-918\" style=\"width:200px;height:200px\" srcset=\"https:\/\/vermessung-aachen.de\/wp-content\/uploads\/2024\/12\/Parkhaus-Melaten-3.jpg 800w, https:\/\/vermessung-aachen.de\/wp-content\/uploads\/2024\/12\/Parkhaus-Melaten-3-300x300.jpg 300w, https:\/\/vermessung-aachen.de\/wp-content\/uploads\/2024\/12\/Parkhaus-Melaten-3-150x150.jpg 150w, https:\/\/vermessung-aachen.de\/wp-content\/uploads\/2024\/12\/Parkhaus-Melaten-3-768x768.jpg 768w, https:\/\/vermessung-aachen.de\/wp-content\/uploads\/2024\/12\/Parkhaus-Melaten-3-465x465.jpg 465w, https:\/\/vermessung-aachen.de\/wp-content\/uploads\/2024\/12\/Parkhaus-Melaten-3-500x500.jpg 500w\" sizes=\"auto, (max-width: 800px) 100vw, 800px\" \/><figcaption class=\"wp-element-caption\">RWTH Parkhaus Campus Melaten<\/figcaption><\/figure>\n<\/div>\n<\/div>\n\n\n\n<p><strong><br>Sonstige privatrechtliche Vermessungen<\/strong><\/p>\n\n\n\n<div class=\"wp-block-columns is-layout-flex wp-container-core-columns-is-layout-9d6595d7 wp-block-columns-is-layout-flex\">\n<div class=\"wp-block-column is-vertically-aligned-top is-layout-flow wp-block-column-is-layout-flow\" style=\"flex-basis:50%\">\n<figure class=\"wp-block-image size-full is-resized is-style-default\"><img loading=\"lazy\" decoding=\"async\" width=\"543\" height=\"709\" src=\"https:\/\/franken-wueller.de\/wp-content\/uploads\/2019\/01\/08-BDVI-Image-Solides-Fundament_Endformat.jpg\" alt=\"\" class=\"wp-image-330\" style=\"width:265px;height:345px\" srcset=\"https:\/\/vermessung-aachen.de\/wp-content\/uploads\/2019\/01\/08-BDVI-Image-Solides-Fundament_Endformat.jpg 543w, https:\/\/vermessung-aachen.de\/wp-content\/uploads\/2019\/01\/08-BDVI-Image-Solides-Fundament_Endformat-230x300.jpg 230w, https:\/\/vermessung-aachen.de\/wp-content\/uploads\/2019\/01\/08-BDVI-Image-Solides-Fundament_Endformat-421x550.jpg 421w, https:\/\/vermessung-aachen.de\/wp-content\/uploads\/2019\/01\/08-BDVI-Image-Solides-Fundament_Endformat-383x500.jpg 383w\" sizes=\"auto, (max-width: 543px) 100vw, 543px\" \/><\/figure>\n<\/div>\n\n\n\n<div class=\"wp-block-column is-layout-flow wp-block-column-is-layout-flow\" style=\"flex-basis:800px\">\n<ul class=\"wp-block-list\">\n<li>Bau\u00fcberwachung<\/li>\n\n\n\n<li>Bestandsdokumentation (Bestandsplan)<\/li>\n\n\n\n<li>Beweissicherungsverfahren<\/li>\n\n\n\n<li>CAD-Bearbeitungen f\u00fcr Geoinformationssysteme (GIS) (Leitungsdokumentation, Zuarbeiten f\u00fcr das Facility Management, etc.)<\/li>\n\n\n\n<li>Deponievermessung<\/li>\n\n\n\n<li>Fassadenvermessung<\/li>\n\n\n\n<li>Industrievermessung<\/li>\n\n\n\n<li>Kanalvermessung und Vermessung von Versorgungsleitungen<\/li>\n\n\n\n<li>Pr\u00e4zisionsnivellement<\/li>\n\n\n\n<li>Setzungsmessung, Deformationsmessung<\/li>\n\n\n\n<li>Topographische Vermessung<\/li>\n\n\n\n<li>Vermessung in den \u00fcbergeordneten Vermessungsnetzen und im H\u00f6hennetz<\/li>\n<\/ul>\n<\/div>\n<\/div>\n\n\n\n<h2 class=\"wp-block-heading\">Digitales Gel\u00e4ndemodell f\u00fcr die Baumaschinensteuerung<\/h2>\n\n\n\n<figure class=\"wp-block-image size-full\"><img loading=\"lazy\" decoding=\"async\" width=\"800\" height=\"538\" src=\"https:\/\/franken-wueller.de\/wp-content\/uploads\/2024\/11\/Baugrube-2.gif\" alt=\"\" class=\"wp-image-909\"\/><figcaption class=\"wp-element-caption\">Aus Planzeichnungen modellierte 3-Dimensionale Darstellung einer Baugrube.<\/figcaption><\/figure>\n\n\n\n<h2 class=\"wp-block-heading\">Bestandsaufma\u00df als 3D Punktwolke<\/h2>\n\n\n\n<figure class=\"wp-block-video\"><video controls src=\"https:\/\/vermessung-aachen.de\/wp-content\/uploads\/2025\/05\/Recap-Demo-Strasse.mp4\"><\/video><\/figure>\n","protected":false},"excerpt":{"rendered":"<p>Alle gr\u00f6\u00dferen Objekte des Industriebaus, Hochbaus, Verkehrs- und Tiefbaus erfordern den Einsatz von Vermessungsingenieuren. Aber auch bei den kleineren Vorhaben sind wir mit dabei und \u00fcnterst\u00fctzen Sie mit pr\u00e4ziser Ingenieurvermessung und softwaregest\u00fctzten Auswertetechniken. Sonstige privatrechtliche Vermessungen Digitales Gel\u00e4ndemodell f\u00fcr die Baumaschinensteuerung Bestandsaufma\u00df als 3D Punktwolke<span class=\"more-link\"><a href=\"https:\/\/vermessung-aachen.de\/?page_id=917\">weiterlesen<\/a><\/span><\/p>\n","protected":false},"author":1,"featured_media":0,"parent":0,"menu_order":0,"comment_status":"closed","ping_status":"closed","template":"","meta":{"footnotes":""},"class_list":["entry","author-fraadmin","post-917","page","type-page","status-publish"],"_links":{"self":[{"href":"https:\/\/vermessung-aachen.de\/index.php?rest_route=\/wp\/v2\/pages\/917","targetHints":{"allow":["GET"]}}],"collection":[{"href":"https:\/\/vermessung-aachen.de\/index.php?rest_route=\/wp\/v2\/pages"}],"about":[{"href":"https:\/\/vermessung-aachen.de\/index.php?rest_route=\/wp\/v2\/types\/page"}],"author":[{"embeddable":true,"href":"https:\/\/vermessung-aachen.de\/index.php?rest_route=\/wp\/v2\/users\/1"}],"replies":[{"embeddable":true,"href":"https:\/\/vermessung-aachen.de\/index.php?rest_route=%2Fwp%2Fv2%2Fcomments&post=917"}],"version-history":[{"count":9,"href":"https:\/\/vermessung-aachen.de\/index.php?rest_route=\/wp\/v2\/pages\/917\/revisions"}],"predecessor-version":[{"id":1222,"href":"https:\/\/vermessung-aachen.de\/index.php?rest_route=\/wp\/v2\/pages\/917\/revisions\/1222"}],"wp:attachment":[{"href":"https:\/\/vermessung-aachen.de\/index.php?rest_route=%2Fwp%2Fv2%2Fmedia&parent=917"}],"curies":[{"name":"wp","href":"https:\/\/api.w.org\/{rel}","templated":true}]}}